 u(j).
11
Let z(u) = 11*u - 407. Let j be z(38). Let b(x) = x**3 - 11*x**2 + 5*x - 55. Determine b(j).
0
Let f(t) = t**3 - 4*t**2 - 5*t + 3. Let k(l) = l**3 - 2*l**2 - 4*l + 2. Let p(a) = 2*f(a) - 3*k(a). Let i = 2 + 1. Suppose -i = 2*j - 7. Give p(j).
-12
Let y(h) = -2*h**2 + 4*h - 3. Suppose 6*g = -0*g. Suppose -s + 4 + 4 = g. Suppose -s*v = -7*v - 2. Determine y(v).
-3
Let s(h) be the first derivative of -21*h**2/2 - 81*h + 2648. Determine s(-4).
3
Let p = -13 + 17. Let d(y) = -5*y - 7. Let w(c) = c - 1. Let q(k) = p*w(k) + d(k). Suppose 0 = -6*z + 11*z - h + 57, z = -4*h - 24. Determine q(z).
1
Let a(k) = k**3 + k**2 - 2*k - 6. Let b(s) = 16*s**3 + 3*s**2 - 3*s - 15. Let u(d) = 3*a(d) - b(d). Calculate u(-1).
13
Let x = 56263 + -56256. Suppose 3*g = -2*g + 10. Let f(n) = 2*n + 6*n - g*n**2 - 2 + n**2. Give f(x).
5
Let f(o) = -o**3 - 6*o**2 + o + 5. Let t be -71 + 79 + 12/(-2). Let y be 5/(-7 + 8 - t). Calculate f(y).
-25
Let w(z) = 2405*z - 4803*z + 2403*z. Let k(r) be the first derivative of r**4/4 - 3*r**3 - r**2/2 + 11*r - 19. Let i be k(9). Determine w(i).
10
Let j = -5923 + 5913. Let c(b) = -21*b - 211. What is c(j)?
-1
Let w(m) = 4*m + 3. Let h(r) = -7*r**2 + 9*r - 15. Let v(g) = h(g) + 4*w(g). Give v(2).
19
Let x(l) = -l**2 + l - 8. Suppose -9*f = -13*f - 16, 5*f = 2*m - 12. Determine x(m).
-28
Let r(z) be the first derivative of 1/4*z**4 + 2*z**2 - 66 + 0*z - 5/3*z**3. Give r(3).
-6
Suppose 9*d = 32*d - 69. Let j be (d - 11)*(-1)/(-1). Let p(z) = -z**3 - 9*z**2 - 10*z + 11. Give p(j).
27
Suppose 30 = -4*j - z, -3*j - 8*z - 21 = -7*z. Let m(d) = -d**3 - 8*d**2 + 13*d + 9. What is m(j)?
-27
Let w(c) = -59*c + 1058. Let q be w(18). Let n(u) = u**2 + u - 12. What is n(q)?
0
Let v(l) = -l**2 + 7*l - 1. Let h(i) = -7*i**2 + 32*i - 60. Let k(w) = h(w) - 6*v(w). Calculate k(-7).
-33
Let p(n) be the first derivative of 4*n - 14 - 4/3*n**3 - 1/4*n**4 - 1/2*n**2. Calculate p(-3).
-2
Let z(s) be the second derivative of -s**5/20 - 5*s**4/4 - s**3/2 - 33*s**2/2 - 1214*s. Calculate z(-15).
12
Let t(j) = 15724 - 7876 - 7877 - 3*j. Give t(-7).
-8
Let n be (6/(-9))/(1 + 1141/(-1134)). Let k(m) = -106*m + n*m - m**2 + 3 - 1. Determine k(6).
-22
Let i(w) be the second derivative of -w**5/20 - w**4/3 - w**3/3 - w**2/2 - 2703*w. Suppose 2*q + 7 = -1. Calculate i(q).
7
Let u(j) be the second derivative of j**5/20 - 23*j**4/12 - 4*j**3 - 23*j**2/2 - 73*j + 5. Determine u(24).
-23
Let n(j) = j**3 + 7*j**2 + 15*j + 23. Suppose z - 33 = 7*p, p = z - 27 + 24. Determine n(p).
-2
Let p(c) = c**2 + 2*c - 2. Suppose -4*g - 3*z = -104, 16 = -13*z + 17*z. Suppose 21 = -11*u - g. Determine p(u).
6
Let s(g) be the second derivative of 4*g**3/3 + 7*g**2 - 47*g + 6. Determine s(-3).
-10
Suppose 4*y + 5*b = 23, -18*y = -14*y - 5*b + 7. Let g(t) = 6 - t**2 - 4*t**y - t**3 + 804*t - 795*t. Determine g(-6).
-12
Let l be 14 + 10*(-14 - -12). Let b(o) = o**2 - 13*o - 106. Determine b(l).
8
Let p(g) = -5*g**3 - 4*g**2 + 7*g - 2. Let k(w) = -w**3 + w. Let c(z) = -6*k(z) + p(z). Let r be (-36)/15*(-1 + 6). Let h = r + 16. Calculate c(h).
2
Let p(k) = 749*k**2 - 3*k**3 + 2 + 754*k**2 - 1502*k**2 + 3*k + 0*k. What is p(-1)?
3
Let g(s) = 2 + 2*s**2 - 6*s**2 - 4*s - s**3 - 6 + 0*s. Let h(y) = 5*y - 49. Let q be h(15). Suppose -4*j - 38 + q = 0. Determine g(j).
-1
Suppose -335*w - 12 = -323*w. Let l(h) be the first derivative of -1/2*h**2 - 1 - 1/3*h**3 - 3/4*h**4 + 0*h. Calculate l(w).
3
Let v(h) = -5*h**3 + 20*h**2 + 195*h - 3. Let z(u) = -6*u**3 + 20*u**2 + 253*u - 3. Let f(w) = 5*v(w) - 4*z(w). What is f(18)?
-21
Let h(b) = 41*b**2 - 140*b - 63. Let r(w) = -18*w**2 + 71*w + 32. Let x(k) = -3*h(k) - 7*r(k). Determine x(26).
-9
Suppose 27 = z - 3*x + 5*x, -x = 0. Suppose -20 - 34 = z*o. Let j(h) = h + 2. Determine j(o).
0
Let a(u) be the second derivative of -u**5/60 - 13*u**4/24 + u**3/6 - 39*u**2 - 113*u. Let i(l) be the first derivative of a(l). Give i(-12).
13
Let l = -5748 - -5746. Let v(s) = -2*s**3 - s**2 + 6*s + 3. Determine v(l).
3
Let n(z) be the first derivative of -7*z**4/24 + 7*z**3/6 + 5*z**2/2 + 9*z - 208. Let j(d) be the second derivative of n(d). Calculate j(6).
-35
Let i(d) be the first derivative of 9*d**2 - 5*d - 18. Let n be i(-1). Let z = 19 + n. Let o(a) = -a. What is o(z)?
4
Let p(m) = -22 + 177*m**2 - 47*m - 164*m**2 - 9*m**2. Determine p(12).
-10
Let y(p) = 39*p**2 + 12*p + 25. Let l be y(-3). Let j = -337 + l. Let m(v) = -v**3 + 4*v**2 - v + 1. Determine m(j).
7
Let x(g) = 3*g + 6. Let w(q) = q**2 - 10*q + 7. Let t be w(11). Suppose -7*o + 4 - t = 0. Let r(h) = -3*h - 6. Let a(k) = o*r(k) - 3*x(k). Calculate a(-4).
6
Suppose f + 2*y - 102 = -f, -86 = -2*f + 2*y. Suppose -6*w = f - 29. Let r(v) = -3*v - 1 + 2*v + 0. Calculate r(w).
2
Suppose 0 = 2*b - 3*b. Suppose b = -3*w + 2*w + 3*w. Let t(z) = 5*z**2 + 2 - 7*z + w*z**2 - 6*z**2. Calculate t(-5).
12
Let u(t) = -3*t - 1. Let m(q) = -q. Let g be m(-2). Let f(j) = -9*j + 28*j - 5 - 10*j - 3*j - 4*j. Let c be f(g). What is u(c)?
2
Let b(a) = 28*a**3 - 23*a**2 - 9*a + 42. Let v(l) = -13*l**3 + 11*l**2 + 4*l - 20. Let x(y) = -6*b(y) - 13*v(y). Determine x(6).
56
Let h(b) be the first derivative of -b**3/3 + 9*b**2/2 - 11*b + 2925. What is h(7)?
3
Let z(h) = -1819*h - h**2 + 0*h**2 - 2*h**2 + 1814*h + 12 + 2*h**2. Determine z(-9).
-24
Suppose 4*n + 0*m - 17 = -5*m, -m + 7 = 2*n. Let d(q) = -1116 + 4*q - 1117 - 1120 - 1112 + 5581 - 1117. Determine d(n).
11
Let q(y) be the second derivative of 10 - 11/2*y**2 - 1/6*y**3 + 4*y. What is q(-6)?
-5
Let p(i) = i**3 - 6*i**2 - 7*i - 1. Let q be p(7). Suppose -f - 8 = -5*v, 0 = 2*v - 3*f - 1 + 3. Let y(c) = 6*c - c - 31*c**v - 4*c + 33*c**2. Give y(q).
1
Let q be (2 - (-66)/(-30)) + (-192)/(-10). Let l(j) = j + q*j**2 + 9*j**2 + 18*j**2 - 55*j**2 - 1. Calculate l(1).
-9
Suppose -4*t + 4*f = -16, 4*f = -9*t + 7*t - 4. Suppose 0 = -l + 4*l - 348. Let z(q) = 2*q + 117 + q**3 - l - 6*q**2 + q**2. Calculate z(t).
-7
Suppose -p = 5*y - 921 + 854, 3*y - 53 = -7*p. Suppose 0*j + 2*j = 2*g + 16, 2*g + 6 = 0. Let a(z) = -z - z - 2 + j*z. Determine a(p).
4
Let b be (27/(-9) - 2) + -19. Let l = -9 + 0. Let m be (5 - (12 + -4))/(l/b). Let w(r) = r + 6. Calculate w(m).
-2
Let p = 9 + -13. Suppose 0 = 3*i - 6 - 3. Let o(c) = -56*c**3 + 3 - 4*c + 106*c**i - 49*c**3 + 2*c**2. What is o(p)?
-13
Let d(z) = z**2 + 7*z - 72. Let p be d(-12). Let x(k) = 23*k + 281. Calculate x(p).
5
Suppose -36*u + 385 = -5087. Let h(n) = 152 - n**2 - 7*n + u - 298. What is h(-6)?
12
Let o(s) = -s**3 + 7*s**2 - 1. Suppose -5*i + 4*r = -r + 10, -r - 10 = 5*i. Let t be (i - -3) + -1 - (1 + -4). Suppose 5*x - 38 + t = 0. Give o(x).
-1
Suppose 12*h = 5*h + 84. Suppose h*l - 17*l + 5 = 0, 5*l + 20 = 5*q. Let i(d) = -d**2 - 5. Calculate i(q).
-30
Let n(m) = -2*m + 35. Suppose p = 162*p - 2415. Calculate n(p).
5
Suppose 0 = h - 6*h. Suppose -6*o + 80 - 62 = h. Let p(c) = 5 + 0 - 13 + o*c - 2. Determine p(7).
11
Suppose 0 = -10*c + 49 + 151. Let x be 3/2*c/6. Suppose x*o + 9 = 29. Let m(i) = i**2 + 2. Determine m(o).
18
Let q(d) be the second derivative of -d**3/6 - 15*d**2/2 + 12*d - 3. Let h(i) = i + 14. Let z(r) = 4*h(r) + 5*q(r). Calculate z(-8).
-11
Let q be (-2 - (-26)/2 - 6) + -16. Let x(z) = -z - 10. What is x(q)?
1
Suppose -4*a - y = -137, 10*y - 6*y = 4. Let c(d) = 2*d - 76. Determine c(a).
-8
Let x(o) = -o**2 - 11*o - 8. Let g be (-7 - -4)*4/((-4)/(-2)). Let a(c) = -c**2 - 10*c - 6. Let m(l) = g*a(l) + 5*x(l). What is m(-6)?
2
Let u(g) be the second derivative of g**5/30 + g**4/2 - 11*g**3/6 + 3*g**2/2 - g + 1. Let c(f) be the second derivative of u(f). Give c(5).
32
Let p(f) be the third derivative of f**5/60 - 17*f**4/24 + 5*f**3/2 + 10*f**2 - 4. Calculate p(16).
-1
Let c(k) = -2 + 0 + k**2 - 1 + 4*k. Let g be ((-75)/(-15) - -10)*(2 + 60/(-25)). Determine c(g).
9
Let c(r) be the first derivative of 1/4*r**4 - 3*r**3 + 0*r**2 - 5*r + 3. Let t = 643 - 634. Calculate c(t).
-5
Let z(a) = 3*a - 505 - 13*a**2 + 504 + 12*a**2. Determine z(1).
1
Suppose -3*q = 1052 + 64. Let v = q - -379. Let t(n) = 2*n**2 - 9*n - 8. Calculate t(v).
27
Suppose -i - 2 = 28. Let a be ((-2)/2)/(3/i). Let x(k) = 3*k - 2. Let z(q) = 5*q - 5. Let m(r) = 8*x(r) - 5*z(r). Determine m(a).
-1
Let k(a) be the third derivative of -a*